eatest common divisor of 484 and f?
4
Suppose 6*l - 2*a - 76 = 2*l, 2*l + 4*a - 18 = 0. Let m be (-38 - -23) + 17 - (-17 - -2). Calculate the greatest common divisor of l and m.
17
Suppose -154*x + 18*x = -2856. What is the highest common divisor of x and 8337?
21
Let r = -135 - -244. Suppose -r*c = -114*c + 75. Calculate the highest common factor of 9 and c.
3
Let p = -23907 - -23924. Calculate the greatest common divisor of p and 221.
17
Let x be (-342)/(-4) + 3/(-2). Suppose -2*w = -3*i + 128, -104 = -3*i + 322*w - 317*w. Calculate the highest common divisor of x and i.
12
Let f = -16446 + 21023. Calculate the highest common factor of 138 and f.
23
Let w be 25/(-2)*(-95)/(4560/24576). Calculate the highest common divisor of 144 and w.
16
Suppose -3*m - 3*i = -651, 5*m - 1082 = 2*i - 6*i. Let k = 312 - m. Let j be (-82)/(-6) + 4/12. What is the greatest common factor of j and k?
14
Let h(m) = -m**3 + 19*m**2 - 48*m + 40. Suppose -16 = -19*d + 288. Let r be h(d). Calculate the highest common factor of 40 and r.
40
Let l = 27 - 11. Suppose 6*p = 8*p - 244. Let i = 234 - p. Calculate the highest common divisor of l and i.
16
Let p(g) = -4*g**2 + 15*g + 50. Let q be p(5). What is the greatest common factor of 125 and q?
25
Suppose 17*x + 15 = -36. Let j be (10/(-25))/(x/255). Calculate the highest common divisor of 102 and j.
34
Suppose 0 = -2*h - 4*v + 340, 0 = -18*v + 13*v - 30. Calculate the greatest common factor of h and 70.
14
Let h = -5816 + 14556. Suppose -26*g + h = -3*g. Calculate the greatest common divisor of 228 and g.
76
Let j(y) be the first derivative of -2*y**3/3 - y**2/2 + 307*y - 21. Let k be j(0). Let o = -90 + k. Calculate the greatest common factor of o and 31.
31
Suppose 2*b = -2*m - 35 - 9, 4*b = 3*m + 59. Let r be (-64)/28 + (-6)/m + 82. Calculate the highest common divisor of 176 and r.
16
Let s be (-795)/(-6 + 130/30). Calculate the highest common factor of s and 106.
53
Let u = -3602 - -4239. What is the highest common factor of u and 13?
13
Let a(d) be the second derivative of 3*d**3/2 + 3*d**2 + 25*d. Let w be a(-1). Let v be -786*2/(-4) - w. Calculate the greatest common divisor of v and 36.
36
Let j = 23851 - 23812. Calculate the highest common factor of 159 and j.
3
Let r = 175 + -167. Let b be (-1)/(-2) - (-292)/r. Calculate the greatest common divisor of 185 and b.
37
Let t = 2775 + -2731. Calculate the greatest common divisor of t and 2134.
22
Let b(p) = -34*p - 94. Let s(n) = -7*n - 19. Let z(q) = 3*b(q) - 14*s(q). Let h be z(-17). Calculate the highest common factor of 39 and h.
13
Let y(o) = -o**2 + 15*o + 1. Let d be y(11). Let a = -2882 - -2912. Calculate the highest common divisor of a and d.
15
Let p = 26428 + -26411. Let z = -13 + 47. What is the greatest common factor of p and z?
17
Suppose 257 + 967 = 6*s. Suppose 4*i - 5*r = s, -r - 12 = 3*i - 184. Let v = -9 + 17. Calculate the greatest common factor of i and v.
8
Let i = -17 - -17. Let a = -44 - -276. Suppose -4*r + 164 + a = i. What is the highest common divisor of 66 and r?
33
Let s = -90 - -450. Suppose 41*i + s = 44*i. Calculate the greatest common divisor of 10 and i.
10
Let u(h) = -h + 47. Suppose 0 = -16*o + 141 + 99. Let v be u(o). Let f(q) = 3*q**2 + 4*q - 8. Let n be f(-4). Calculate the greatest common divisor of v and n.
8
Let o(y) = -58*y + 1. Let q be o(1). Let z = 53 + q. Let f be 1 + (-3 - 512/z). Calculate the highest common divisor of f and 42.
42
Let h be -1 + -2 - -10 - -1511. Calculate the highest common factor of 1242 and h.
138
Let x(c) = 2*c + 4. Let o = 41 - 36. Suppose 3*y + o*y = 80. Let q be x(y). What is the greatest common divisor of q and 8?
8
Let x = -16342 - -16406. Calculate the greatest common factor of 66 and x.
2
Let n = -15322 + 15346. Suppose 2*r - 426 = -3*s, 2*s + s = 3*r - 654. What is the highest common factor of n and r?
24
Let s = 250 + -289. Let r be s/104 + (-1 - (-198)/16). Calculate the highest common divisor of r and 506.
11
Let y = 19213 - 9544. What is the highest common factor of y and 33?
33
Suppose 22 = -17*a + 243. Suppose 0 = -2*t - p + 35, 0 = -a*t + 15*t - 5*p - 5. What is the greatest common divisor of t and 210?
15
Let x = 6247 + -3108. Calculate the greatest common divisor of 43 and x.
43
Let b(p) = p**2 + 7*p - 2. Let w be b(19). Let o = w - 453. Let i = 9 - -30. What is the highest common factor of o and i?
39
Let w = -346 - -637. Suppose -10*a + w - 31 = 0. Let i(m) = 5*m + 6. Let q be i(4). What is the greatest common factor of q and a?
26
Let b = -6 - -8. Suppose 3*i + 13 - 6 = -5*z, -5*i = 3*z - 15. What is the highest common factor of b and i?
2
Let c = -2748 - -2874. What is the greatest common divisor of 364 and c?
14
Let y be 3001 + (-100)/(-15) + ((-44)/12 - -3). What is the greatest common divisor of 388 and y?
97
Suppose -89*n - 1963 = -36228. Let r(k) = 3*k**2 + 2*k + 2. Let i be r(3). Calculate the greatest common factor of n and i.
35
Let z be 14 - 0*1/(-2). Let s be 4/z - (-1004)/14. Suppose -a + 4*f + 22 = 0, -2*f + 19 = -a + 33. What is the greatest common divisor of s and a?
6
Let f(i) = 3*i**2 + 11*i - 102. Let x = 85 + -100. Let c be f(x). What is the greatest common factor of 6 and c?
6
Let i be 1/1 - 12/(-18) - 9444/(-36). What is the highest common factor of 187 and i?
11
Let x(k) = k**3 - 3*k**2 - k - 4. Let a be x(4). Suppose -a*u - 24 = -5*u. Let l be 592/20 + u/(-20). Calculate the highest common factor of l and 10.
10
Let y = 204 + 136. What is the highest common factor of 40 and y?
20
Let r be (-1)/(1/(28/(-2))). Suppose 13*j = 4*m + 12*j - 718, 6*j = -21*m + 3882. What is the greatest common divisor of r and m?
14
Let b = -1364 - -1494. What is the highest common divisor of b and 4355?
65
Let d(o) = 3*o - 10. Let w be d(4). Suppose -3 + 5 = w*v. Suppose 18 = 3*g - 5*i, -2*g + 5 = -2*i - 3. What is the highest common divisor of g and v?
1
Let a be (-970)/291*18/(-15). What is the highest common divisor of a and 588?
4
Suppose m - 4 = -0*m, -4*j + 4*m - 32 = 0. Let c(f) = f**3 + 6*f**2 + 5*f + 11. Let a be c(j). Calculate the highest common divisor of 23 and a.
23
Let k(m) = 13*m**2 - 91*m + 96. Let a be k(6). What is the highest common divisor of a and 6003?
9
Suppose -74*o + 9497 = 26*o + 497. Calculate the highest common factor of o and 1206.
18
Let a(g) = -3*g + 39. Let w be a(-15). Suppose -2*n + y - 190 = -5*n, 2*n + y - 127 = 0. What is the greatest common divisor of w and n?
21
Let g be (-8)/(-6) + (-7872)/(-576) - (2 + 0). Calculate the highest common factor of g and 1872.
13
Suppose 6*l = 2*l + 60. Suppose 4*w - 14 = z, 0 = 2*z - z - 6. What is the greatest common divisor of l and w?
5
Let o(v) = -3*v**2 + 4*v - 10. Let t be o(-6). Let x = t + 265. Let m = -109 + x. Calculate the greatest common divisor of 182 and m.
14
Let p = -114 - -119. Suppose -p*j + 3*j = -4*l - 46, -5*j + 190 = 5*l. What is the greatest common divisor of 209 and j?
11
Let s be (-1 + -4)*(-30)/(-50) - -141. What is the greatest common divisor of s and 230?
46
Let q(n) = -n**3 + 37*n**2 + 225*n - 137. Let s be q(42). Calculate the highest common divisor of s and 102.
17
Suppose -26*y - 22084 + 96785 = 1771. Calculate the highest common factor of y and 33.
33
Let o(v) = -11*v**2 + 19*v - 5. Let r be o(-11). Let a = -1039 - r. Calculate the greatest common divisor of 46 and a.
46
Suppose 7750 = 1238*j - 1213*j. What is the highest common factor of j and 15?
5
Suppose 1 - 29 = -14*h. Suppose -2681 = -5*l + 5*v - 386, -3*l + h*v + 1377 = 0. Calculate the greatest common divisor of l and 51.
51
Suppose m - 107 = -3*g, 3*g - 3*m = -m + 110. Suppose -g = -a - 4*w, 2*a + 4*w = 4*a - 96. Let o = -19 + a. Calculate the greatest common factor of o and 5.
5
Let j(u) = -4*u - 136. Let b(m) = 45*m + 10. Let r be b(-1). Let h be j(r). What is the greatest common divisor of 26 and h?
2
Let g = 23053 + 2514. What is the greatest common factor of g and 74?
37
Let t(s) = s + 8. Suppose -16 = 4*l - 0*l. Let q be t(l). Suppose q*m - 117 = n, 51 = 2*m - 5*n - 30. What is the greatest common divisor of 14 and m?
14
Let c(o) = 874 + o - 847 - 6*o. Let g be c(0). What is the highest common divisor of 189 and g?
27
Let w be (-246 - 0)*-68*4/24. What is the greatest common divisor of 164 and w?
16